= 7*f - p*f. Calculate the remainder when (f + 1)/(1/(-4 + 27)) is divided by 6.
5
Suppose 11*u = 8*u + 300. Suppose -u = -2*z - 100. Suppose -2*g + 5*g - 21 = z. What is the remainder when 20 is divided by g?
6
Suppose -798*s + 8504 + 8486 + 20516 = 0. What is the remainder when 682 is divided by s?
24
Let a = -58 + 51. Let d = a + 49. Let p = d + -23. What is the remainder when p is divided by 5?
4
Let l(z) = -7*z + 9. Suppose 0 = 4*o - 9 + 37. Suppose -3*d + 0*d = -5*r - 46, -2*d + 5*r = -34. Calculate the remainder when l(o) is divided by d.
10
Let x = -13318 + 13700. Let s = 37 - -11. Calculate the remainder when x is divided by s.
46
Let o(y) = -5*y**3 - 48*y**2 - 16*y - 91. What is the remainder when 1360 is divided by o(-10)?
15
Let a = -25 + 17. Let x(w) = -w**2 - 10*w - 1. Calculate the remainder when 12 + (-10 - -19)*10 is divided by x(a).
12
Suppose 63*c + 28983 - 85455 = -249*c. What is the remainder when 554 is divided by c?
11
Suppose -52 + 7 = -5*b. Let n(h) = -h**3 - 16*h**2 - 22*h + 102. Let j be n(-14). Calculate the remainder when -4 + 45 + j/(-3) is divided by b.
8
Let o(q) = -2*q**2 - 2*q - 3. Let m be o(2). Let y = 22 - m. Suppose 5*c = 4*l - 50, 4*l - 4*c - y = l. What is the remainder when 28 is divided by l?
13
Let y be ((-3 - 2) + 48/12)*-487. Suppose -q - 42 = -y. What is the remainder when q is divided by 28?
25
Suppose 2*d + 12 = 6*d. Let v(c) = 2*c**2 - c - 3. Let i = 4326 - 4291. Calculate the remainder when i is divided by v(d).
11
Let t be (20/8 + 1)/(2/4). Suppose 2*c + p = -0 + t, -2*c - 2*p = -12. What is the remainder when (c - (-249)/(-15))*(-2 + -3) is divided by 16?
14
Let b = 6028 - 5984. Calculate the remainder when 981 is divided by b.
13
Suppose b + 69 = 4*b. Suppose 28*m - 10 = b*m. Suppose -4 = -3*u + 5, m*u = 3*g - 90. Calculate the remainder when g is divided by 9.
5
Let p(n) = 6*n + 117. Suppose 18*j + 45 = 15*j. Let d = 178 - 101. Calculate the remainder when d is divided by p(j).
23
Let l = 23 + -21. Suppose 0 = -l*u - 2*u + 60. Calculate the remainder when u is divided by -10*(8/(-80))/(2/8).
3
Let k(s) = -9*s + 10. Let m(i) = -i**3 - 23*i**2 + 63*i + 43. What is the remainder when m(-26) is divided by k(-7)?
68
Let u(r) = 19*r - 20. Let p = -106 - -128. Calculate the remainder when u(9) is divided by p.
19
Suppose -5*b = 4*p - 111, 5*p + 7*b - 144 = 6*b. Calculate the remainder when 579 is divided by p.
28
Let w = 904 - 857. Let s = 29 - 17. Calculate the remainder when (-2)/2*4 + w is divided by s.
7
Let p be -60*13/((-325)/210). Suppose p = 6*h - 180. Calculate the remainder when h is divided by 23.
22
Suppose -5*p + 343*b + 7809 = 346*b, 5*b + 7825 = 5*p. What is the remainder when p is divided by 261?
258
Suppose -59 - 30 = -h. Let k = h + -89. Suppose 4*v - 2*j - 50 = -k*v, -j - 40 = -3*v. Calculate the remainder when 40 is divided by v.
10
Suppose -4*g + 4800 = -o, -30*g + 31*g - o = 1194. What is the remainder when g is divided by 87?
71
Let j = 369 + -305. What is the remainder when 126 is divided by 2/(-8)*-4 + j?
61
Let j(y) = -81*y**2 + 8*y + 15. Let v be j(-6). Calculate the remainder when v/(-30) - 27/90 is divided by 6.
2
Let j = 220 - 280. Let i = -33 - j. Suppose 5 + 15 = 2*f. Calculate the remainder when i is divided by f.
7
Let g be 154/16 + 60/160. Suppose g*a = -2*a + 264. Calculate the remainder when 1 + (16 + 2)*3 is divided by a.
11
Let h = -63 + -109. Let n = h - -281. What is the remainder when n is divided by 28?
25
Suppose -2*b = -40 + 20. Suppose b*w + 24 = -6. Calculate the remainder when 25 is divided by w + 3*(-3 + (-29)/(-3)).
8
Let n be 31/(-248) + 953/8. Let a = n - 111. Calculate the remainder when 28 is divided by a.
4
Suppose -341*j + 1840 = -226*j. Calculate the remainder when 3821 is divided by j.
13
Let u = -33942 + 34372. Let k = -66 - -114. What is the remainder when u is divided by k?
46
Let b(q) = 5*q**2 - 5*q - 2. Let j(g) = g**2 - g. Let f(i) = -2*b(i) + 13*j(i). Calculate the remainder when 303 is divided by f(-2).
17
Suppose -394 = 28*l - 1962. What is the remainder when l is divided by 12?
8
Suppose 169*d - 9700 = -317*d + 98*d. Calculate the remainder when 4873 is divided by d.
23
Suppose -x + 700 = 3*h, 5*h = -2*x + 588 + 579. Suppose 28*c = 557 + 71 + 464. What is the remainder when h is divided by c?
38
Let a(h) = -3*h + 168. Let x be a(-35). Suppose 40*b - 41*b - 551 = -4*l, 3*b + x = 2*l. What is the remainder when l is divided by 14?
12
Suppose 68*n = 66*n - 10, -2*c - 4*n = -34. Calculate the remainder when (-3380)/(-78)*c/15 is divided by 18.
6
Suppose -4*v = 2*v + 126. Let z(r) = r**3 + 21*r**2 - 6*r - 111. Calculate the remainder when 102 is divided by z(v).
12
Calculate the remainder when (-1)/3 + 44764/372 is divided by 64.
56
What is the remainder when 505 is divided by ((-1)/21)/(5/(-19755)) + (-5)/35?
129
Let g(n) = n**3 - 28*n**2 - 38*n - 22. Let o = 60 + -31. Let z be g(o). Let r = z + 420. Calculate the remainder when r is divided by 28.
25
Let t(c) = c**3 - 5*c**2 - 6*c + 11. Let v be t(5). Let u(z) = -z + 92. What is the remainder when u(v) is divided by 28?
27
Suppose 0 = 7*a + 2*a - 108. What is the remainder when 1001/(a + -5) + 1*-3 is divided by 47?
46
Suppose -4*s + 21*g - 25*g = -524, 0 = -3*s + 3*g + 411. What is the remainder when s is divided by 23?
19
Suppose 5020 = -10*k + 30*k. What is the remainder when k is divided by 33?
20
Let v(j) = 27*j + 3 - j**3 - 26*j + 2. Calculate the remainder when v(-7) is divided by 19.
18
Suppose 0 = 3*t + 2*z - 67, 4*t - 2*z - 15 - 51 = 0. Let v = 840 + -843. Calculate the remainder when 138*(v + 14/4) is divided by t.
12
Suppose 0 = -a + 3*q, -2*q + 45 = a + 15. What is the remainder when 421 is divided by a?
7
Let r = -1160 + 1191. Calculate the remainder when 306 is divided by r.
27
Let q(a) = 720*a**3 + a - 2. Let c be q(1). Suppose u = 3*o - 6*o - c, -o - 5*u = 249. Let s = 364 + o. What is the remainder when s is divided by 43?
39
Let h = 43 + -35. Let c be -2*h*(-1 - 3/(-2)). Let l(v) = -v**3 - 7*v**2 + 4*v. Calculate the remainder when l(c) is divided by 17.
15
Suppose 4 = 3*i - 2*t, 2*t = 2*i - 0*t - 2. Suppose 0 = v + i, -3*h + 7*h + 5*v - 34 = 0. What is the remainder when 35 is divided by h?
2
Let d be ((-26)/104)/(-1*2/24). Suppose 0 = -o - 4*r, d*o - r = 4*r + 17. Calculate the remainder when 15 is divided by o.
3
Let x(q) = 6*q**2 + 15*q - 12. Calculate the remainder when 239 is divided by x(-4).
23
Let l(d) = -d**2 - 72*d + 564. What is the remainder when 478 is divided by l(-79)?
5
Let g = -31639 - -31662. What is the remainder when 5145 is divided by g?
16
Calculate the remainder when 166 is divided by 3*(-14)/126 - (-133)/3.
34
Let m(b) be the first derivative of 14/3*b**3 + 1/4*b**4 - 28*b + 13 + 7*b**2. Calculate the remainder when m(-12) is divided by 31.
30
Let k be (-4 - 78/(-18))/(-1)*0. Suppose k*f = 4*f - 296. What is the remainder when f is divided by 19?
17
Suppose -96 = -42*r + 36*r. Suppose 135 = 5*f - 2*u, f + 1 = 3*u + 15. Calculate the remainder when f is divided by r.
13
Suppose -3*p - 2*t + 83 = 0, 1111*p - 1108*p = t + 71. What is the remainder when 10222 is divided by p?
22
Let p(i) = 55 + 9*i - 3*i - 4*i. Let n be p(-19). Suppose 4*m + n = 93. Calculate the remainder when 48 is divided by m.
10
Suppose 4*n + 3*k + 0*k = 760, -k = -5*n + 950. Suppose 11*s - 773 = -n. What is the remainder when s is divided by 14?
11
Suppose -o + 272 = 16*o. Calculate the remainder when 1149 is divided by o.
13
Let g = 22308 + -22031. Calculate the remainder when 1905 is divided by g.
243
Let f be (-2 - 2) + (1691 - -8). Suppose -578*a = -581*a + f. Calculate the remainder when a is divided by 27.
25
Let k(c) = -6 + 16 + c**2 + 0*c + c. Let o be k(-6). Suppose 4*v - o = -4*l, 6*l - 2*l = -4. What is the remainder when 31 is divided by v?
9
Suppose 41 + 135 = 22*g. Suppose 3*n = -3*u + 75, 4*n + 10*u - 90 = g*u. What is the remainder when 48 is divided by n?
8
Suppose 3*s + 1734 = w + 1465, 4*w + 2*s = 1202. What is the remainder when w is divided by 183?
113
Let n = -3389 + 3413. Suppose -7 - 5 = -3*p. Suppose -3*t = -0*v + p*v - 61, 0 = v - 3*t - 4. Calculate the remainder when n is divided by v.
11
Let a(c) = -149*c**3 + 9 + 3*c**2 - 3*c + 5*c + 4*c 